r of 54862720 and 140.
20
Calculate the highest common factor of 26 and 110702267.
13
Calculate the greatest common divisor of 3024970 and 221.
13
What is the greatest common divisor of 540117 and 171?
9
Calculate the greatest common divisor of 101519 and 225691.
839
Calculate the highest common factor of 125570 and 2610.
290
Calculate the highest common factor of 74694 and 18762.
354
What is the greatest common divisor of 2767 and 3631236479?
2767
Calculate the highest common factor of 1822 and 340174688.
1822
Calculate the greatest common factor of 21478278 and 222.
222
What is the greatest common factor of 216 and 543606984?
216
Calculate the highest common divisor of 400244722 and 838.
838
Calculate the highest common factor of 27161185 and 1555.
1555
Calculate the greatest common factor of 438 and 243747.
219
What is the highest common factor of 280746 and 119718?
162
Calculate the greatest common divisor of 21972009 and 2241.
249
What is the greatest common factor of 389 and 27429168?
389
Calculate the greatest common factor of 945286 and 4.
2
What is the highest common divisor of 17639392 and 24?
8
Calculate the greatest common factor of 3610110 and 1470.
210
What is the greatest common divisor of 2994908 and 1036?
28
What is the highest common divisor of 491720744 and 8088?
2696
Calculate the greatest common divisor of 33455530 and 1883.
269
What is the greatest common divisor of 236 and 15300706?
118
What is the highest common factor of 161 and 51187259?
23
What is the highest common factor of 3507159 and 9773?
337
What is the highest common factor of 492 and 382405524?
492
Calculate the greatest common factor of 456 and 866134.
38
What is the greatest common divisor of 578452 and 16352?
2044
Calculate the highest common factor of 406 and 14659974.
14
What is the greatest common factor of 1451328 and 7224?
24
Calculate the greatest common factor of 45 and 1694982045.
15
Calculate the highest common factor of 89997 and 1914669.
687
Calculate the greatest common divisor of 14258550 and 342.
114
What is the highest common factor of 2217548 and 340?
68
What is the greatest common divisor of 27006 and 20709101?
4501
Calculate the greatest common factor of 30 and 47994640.
10
Calculate the greatest common factor of 557870 and 6.
2
What is the highest common divisor of 1736 and 73384920?
56
What is the highest common factor of 50872959 and 15606?
2601
Calculate the greatest common factor of 36896010 and 17644.
802
What is the greatest common divisor of 251 and 9559335?
251
Calculate the highest common divisor of 46526 and 6850244.
86
What is the highest common divisor of 19654 and 693563?
31
Calculate the highest common divisor of 359778 and 136518.
366
Calculate the greatest common factor of 1760 and 9030670.
110
Calculate the greatest common divisor of 3789244 and 2664.
148
What is the highest common divisor of 13311 and 156687?
87
Calculate the highest common divisor of 37658 and 803701.
991
Calculate the greatest common divisor of 120090 and 47.
1
Calculate the highest common factor of 2458107 and 9.
9
What is the greatest common factor of 3673216 and 896?
128
Calculate the highest common divisor of 4571792 and 177.
59
What is the highest common divisor of 169940150 and 200?
50
What is the highest common divisor of 20538 and 240786?
126
Calculate the greatest common factor of 126 and 40488399.
63
Calculate the highest common divisor of 12822078 and 106.
106
What is the highest common factor of 32758080 and 3420?
60
What is the greatest common factor of 13 and 103313873?
13
Calculate the highest common divisor of 42 and 2155476.
6
What is the highest common factor of 4664 and 130693442?
1166
Calculate the greatest common divisor of 454800 and 117900.
300
Calculate the greatest common factor of 1859 and 1843452.
169
What is the greatest common factor of 8606 and 22711?
13
Calculate the greatest common factor of 112 and 74833052.
28
Calculate the highest common factor of 1395 and 6591555.
45
Calculate the greatest common factor of 598069 and 38341.
23
Calculate the highest common factor of 729168 and 137808.
528
What is the highest common factor of 25670 and 1402790?
1510
Calculate the highest common factor of 273504 and 76405.
259
Calculate the greatest common factor of 129648136 and 193.
193
Calculate the greatest common divisor of 1501629 and 30432.
951
Calculate the highest common factor of 57850782 and 132.
66
What is the greatest common divisor of 2730 and 3719940?
210
What is the greatest common factor of 928 and 4692461?
29
Calculate the highest common factor of 17131392 and 1512.
216
What is the greatest common divisor of 1725111 and 7453242?
9531
What is the greatest common factor of 1158574470 and 930?
930
What is the highest common factor of 44 and 493280106?
22
What is the highest common factor of 108 and 8247339?
27
What is the greatest common divisor of 37766300 and 325?
325
What is the greatest common divisor of 17285102 and 6148?
3074
What is the highest common factor of 39 and 2420853?
3
Calculate the greatest common factor of 18165 and 155505.
105
Calculate the highest common factor of 9373 and 4921031.
103
What is the greatest common factor of 253952 and 37632?
256
Calculate the highest common divisor of 16503149 and 26.
13
Calculate the greatest common factor of 155 and 2876769.
31
What is the greatest common factor of 4681768 and 4484?
236
What is the highest common divisor of 117062 and 1673837?
187
Calculate the highest common divisor of 172165 and 100205.
35
Calculate the greatest common divisor of 2736704 and 2440.
488
Calculate the highest common divisor of 1 and 31478095.
1
What is the highest common divisor of 9 and 1622719?
1
Calculate the highest common factor of 621737680 and 40.
40
What is the greatest common divisor of 21190 and 41545440?
1630
What is the greatest common divisor of 49134 and 81826212?
2586
Calculate the greatest common factor of 53578 and 65682.
178
Calculate the highest common divisor of 322640 and 101380.
740
What is the highest common divisor of 424 and 2147?
1
What is the greatest common divisor of 20000 and 111100?
100
What is the greatest common divisor of 4645715 and 901?
53
Calculate the highest common divisor of 272 and 663460.
4
Calculate the greatest common factor of 31506290 and 5860.
2930
Calculate the highest common factor of 50048 and 3391143.
391
What is the greatest common divisor of 168 and 7386?
6
Calculate the highest common divisor of 3167853 and 358878.
1677
What is the highest common divisor of 23955165 and 405?
45
Calculate the greatest common divisor of 273000 and 1526200.
2600
What is the greatest common factor of 173453 and 154258?
349
What is the highest common factor of 4425253 and 4259367?
4879
What is the highest common divisor of 18996588 and 8028?
36
Calculate the highest common factor of 62489 and 8130689.
791
Calculate the highest common factor of 448 and 20952512.
448
What is the highest common divisor of 644 and 592060?
28
Calculate the greatest common factor of 9929280 and 540.
60
What is the highest common factor of 2192 and 591640?
8
What is the greatest common factor of 93093755 and 95?
5
Calculate the greatest common divisor of 170 and 47248010.
10
Calculate the greatest common factor of 3985840 and 192.
16
Calculate the highest common factor of 6124958 and 1134.
14
Calculate the greatest common factor of 3789 and 16450996.
421
What is the highest common factor of 16760085 and 18234?
3039
Calculate the greatest common divisor of 66687484 and 492.
164
What is the greatest common divisor of 3152 and 1765711?
197
Calculate the greatest common divisor of 92312 and 204424.
88
Calculate the highest common divisor of 11872918 and 427.
61
Calculate the highest common divisor of 2343226 and 1810.
362
Calculate the highest common divisor of 164360 and 7035.
35
What is the highest common factor of 17 and 62580876?
17
Calculate the highest common factor of 13715 and 4693.
13
Calculate the greatest common divisor of 739406528 and 334.
334
Calculate the highest common factor of 1686 and 33070.
2
Calculate the greatest common factor of 286 and 124708573.
11
What is the highest common divisor of 1057309 and 1758119?
3047
What is the highest common divisor of 4